(g/l*1).
2
Let r = 124 + -111. Suppose 32*d - 95 = r*d. Let c = 3 - -1. What is the remainder when d is divided by c?
1
Let l(k) = -58*k + 1. Suppose 86 = 8*a + 438. Calculate the remainder when l(-1) is divided by 0 - a/2 - 128/64.
19
Suppose -733 = -k + l, -k + 962 - 209 = 4*l. Let m = k - 693. Calculate the remainder when 102 is divided by m.
14
Let t = 548 - 391. Let s(l) = l**3 - 9*l**2 + 4*l + 27. Let i be s(8). What is the remainder when t is divided by 3 + -1 - (-21 + (-2 - i))?
17
Calculate the remainder when (-199)/(-1) + (46/828 - (-182)/(-36)) is divided by 55.
29
Let o = -18 + 22. Suppose 82 = 2*f - o*j, j + 4*j + 225 = 5*f. Let g(s) = -2*s**2 + 18*s + 28. What is the remainder when f is divided by g(9)?
21
Let b(r) = r + 222. Let v be 108/14 - (-66)/231. Calculate the remainder when b(v) is divided by 60.
50
Let j(g) = 10 + 14 + 1 + 2*g + 4. Let i(l) = 12*l + 3. What is the remainder when i(5) is divided by j(-9)?
8
Let v = 7292 - 2828. Calculate the remainder when v is divided by 47.
46
Let z(q) = q**2 + 3*q + 3. Suppose -7*y + 5*x - 1 = -10*y, x = -y + 1. What is the remainder when 1 + 0 - (-21 + 3)/y is divided by z(-4)?
3
Suppose 124*x - 392 = 110*x. What is the remainder when 142 is divided by x?
2
Suppose 4 + 0 = p. Suppose 25*q + 33 = 2*k + 28*q, -3*k - 4*q + 47 = 0. What is the remainder when k is divided by p?
1
Suppose -62*m = 20*m - 1230. Calculate the remainder when 344 is divided by m.
14
Suppose -520 = -d - 2*w + w, 1034 = 2*d + 5*w. Suppose 132 = h - c, 2*h + 2*h + 2*c = d. What is the remainder when h is divided by 33?
32
Calculate the remainder when (18 - (-78)/12)*8 is divided by 45.
16
Let j = 11804 - 11601. Calculate the remainder when 4260 is divided by j.
200
Suppose 24*m + 51*m = 52*m + 147039. Calculate the remainder when m is divided by 39.
36
Let y = 469 - 275. Let p = -183 + y. Calculate the remainder when p is divided by 3.
2
Let f(h) = 78*h + 1. Let t be -47 - -35 - (-3)/(2 + -1). What is the remainder when f(1) is divided by (90/(-3))/((t/4)/3)?
39
Suppose 0*l = -5*l. Suppose 0 = 3*z + 4*h - 106, 3*z + l*z - 4*h - 146 = 0. What is the remainder when z is divided by 36?
6
Suppose -3*t + 3*p = 4*p - 1362, -4*t - 4*p + 1808 = 0. Suppose -s + b + 73 = 0, -3*b = 5*s - 0*s - 389. What is the remainder when t is divided by s?
75
Let v(u) = -u**3 - 25*u**2 - 156*u + 27. What is the remainder when v(-11) is divided by 45?
4
Let h(n) = 3*n**2 - 5*n + 4. Let v be h(1). Suppose -3*f + 5*x + 83 = x, 0 = -5*f - v*x + 121. What is the remainder when 141 is divided by f?
16
Suppose -684 = -89*g + 206. Calculate the remainder when 336 is divided by g.
6
Let m = 8194 + -8171. Calculate the remainder when 1284 is divided by m.
19
Let l be 6/(-45)*-6*(-2835)/(-14). What is the remainder when -4*(l/(-24) - -3) is divided by 4?
3
Let z(c) = 7*c**2 + 6*c + 9. Let v be z(-3). Let p(b) = 16 + 5*b + 16 - v. What is the remainder when p(19) is divided by 19?
16
Calculate the remainder when (-4)/13 - 403824/(-1833) is divided by 218.
2
Let l = -130 - -252. Suppose 119 - 9 = 2*f + p, -2*f = -2*p - l. What is the remainder when f is divided by 12?
9
Suppose 4*d - 84 = -4*o + 168, 3 = -d. Suppose -o*i + 65*i = -56. Suppose 99 + i = 5*v. Calculate the remainder when v is divided by 11.
9
Let s be (1 - 6/9)*-6. Suppose 5*q - 6*q = -35. What is the remainder when q is divided by s/6 + (-168)/(-18)?
8
Let s(t) = 5095*t**2 + 2*t - 12*t**3 + 2 - 5095*t**2. Calculate the remainder when s(-1) is divided by 7.
5
Let g(v) = 4*v**3 - 3*v**2 + 2*v. Calculate the remainder when g(4) is divided by (-2 - -80) + (-25)/(27 - 22).
70
Suppose -58 = -g + 27. Let n = g + -63. What is the remainder when (n/(-6) + 2)/(2/(-18)) is divided by 4?
3
Let g = -15802 - -16015. What is the remainder when 674 is divided by g?
35
Suppose 3*t - 45 = 3*o, -2*t - 2*o + 3 = -39. Calculate the remainder when 30 is divided by t.
12
Suppose -16 + 0 = -5*c + 34. What is the remainder when 25 is divided by c?
5
Let b be (-6 - -7) + 5 - 61*15. Let g = 918 + b. Calculate the remainder when 502 is divided by g.
7
What is the remainder when 3*1459/12 + 7*(-1)/(-28) is divided by 112?
29
Let x be (-538)/(-8) - 42/(-56) - 3. Let p = 81 - x. What is the remainder when p is divided by 11?
5
Let b = 25 - -30. Suppose 150 = b*o - 54*o. What is the remainder when o is divided by 19?
17
Let b(h) = 8*h**2. Let a(s) = 2*s**3 + 284*s**2 + 277*s - 646. What is the remainder when a(-141) is divided by b(-2)?
27
Let l = 25552 + -21695. What is the remainder when l is divided by 957?
29
Suppose -268*j + 272*j + 4*r = 104, j - 4*r - 46 = 0. What is the remainder when 2299 is divided by j?
19
Suppose 3*u - 60 = 3*c, -4*u + 63 - 28 = 5*c. Calculate the remainder when 5814 is divided by u.
9
What is the remainder when 69 is divided by (1/(-7))/(2/(-924)*6)?
3
Let k = 265 + -232. Suppose -120 = -9*t + k. Calculate the remainder when t is divided by 9.
8
Let a be (66/4)/(18/24). Suppose -5*m + a + 8 = 0. Suppose 11*y = 126 - 93. Calculate the remainder when m is divided by y.
0
Let g(m) = 30*m**3 - 2*m**2 - 4*m + 3. Suppose 99*k - 189 = 90*k. What is the remainder when g(2) is divided by k?
17
Let h = 70 + -71. Calculate the remainder when 43 is divided by (1 + 1)/(h/(-4)).
3
Suppose -105*o + 109*o = 912. Calculate the remainder when o is divided by 16.
4
Suppose -5*a = v - 26, 4*a + 2*v + 0*v = 22. Suppose -s - a*w - 20 = 0, -2*s + 3*w = 3*s - 40. Let x = -18 - -35. What is the remainder when x is divided by s?
2
Let k = -8 - -2. Let o(h) = h**3 + 4*h**2 - 13*h + 7. Calculate the remainder when (1036/(-42))/((-4)/6) is divided by o(k).
11
Let q = -38 + 40. Suppose x - 4*x - 351 = -q*p, -x = -4*p + 677. Let z = -922 + 941. What is the remainder when p is divided by z?
16
Suppose -25 = -0*t - 5*t. Suppose -25 = t*f - 165. Suppose -2*u - j = -269, -431 = -10*u + 7*u + 4*j. Calculate the remainder when u is divided by f.
25
Let p = 1161 + -2018. Let d = -803 - p. Calculate the remainder when 700 is divided by d.
52
Suppose -k - 4*k + 300 = 0. Let l = k - 55. Suppose 5*f = -x + 407, 3*x - 158 = -2*f + l*x. What is the remainder when f is divided by 17?
13
Let k(z) be the first derivative of z**4/2 - 2*z**3/3 - 2*z**2 + 3*z + 11. What is the remainder when k(4) is divided by 8?
3
Let z = -824 + 1256. Calculate the remainder when z is divided by 144.
0
Let q(l) = 8*l**2 + 9*l - 55. Calculate the remainder when 205 is divided by q(4).
96
Suppose 5*y - 5*b + 645 = 0, 0 = -2*b - b + 9. Suppose -4*x + 113 = 3*r, x + 259*r - 260*r = 30. Calculate the remainder when x is divided by y/(-15) + (-4)/10.
5
Let b(m) = 8*m**2 + 36*m - 16. Let x(o) = -4*o**2 - 18*o + 9. Let s(j) = -3*b(j) - 5*x(j). Calculate the remainder when 40 is divided by s(-3).
19
Let r(n) = -217*n + 25. Let i be r(4). Calculate the remainder when ((-4)/(-12)*1)/((-1)/i) is divided by 72.
65
Suppose 3462 = 4*j - n, 12*j - 16*j + 2*n = -3468. Calculate the remainder when j is divided by 58.
52
Let c(k) = k**2 - 25*k + 84. Let w be c(21). Suppose -4*a = -w*a - 244. Calculate the remainder when a is divided by 17.
10
Suppose -165 = -4*r + 23. Suppose 2*j + 2*z = -2, j + 3*z = z - 3. Suppose 8*u = 65 - j. What is the remainder when r is divided by u?
7
Suppose -33*p + 135*p = 142102 + 114632. What is the remainder when p is divided by 20?
17
Let d(r) be the second derivative of -5*r**3/6 + 3*r**2 - 2*r + 25. What is the remainder when d(-6) is divided by 12?
0
Suppose 0 = 4*p - b, 3*p = -0*b + 3*b + 9. Calculate the remainder when 50 is divided by (-147)/14*(-2)/(0 - p).
8
What is the remainder when (-29 - (-570)/19)/(2/598) is divided by 59?
4
Suppose 772 = 7*d - 775. Let z = d - 106. Suppose 145 = 4*x + x. Calculate the remainder when z is divided by x.
28
Suppose 2*b = 6*b + 5*o - 41, 5*b = 2*o + 10. Suppose g + 80 = p, -g = b*p - 4*g - 315. Calculate the remainder when 146 is divided by p.
71
Let c = -425245 - -425276. Calculate the remainder when (-3)/((-3)/248) + -1 is divided by c.
30
Let b(m) = m**3 + 167*m**2 - 514*m - 648. What is the remainder when 1314 is divided by b(-170)?
2
Let x = -50 - -89. Suppose -7*l + 4*l - x = 0. Let q = 28 + l. Calculate the remainder when q is divided by 7.
1
Suppose -4*h + 328 = 3*d, -3*h + 289 = 2*d